e 3) in base 5?
2
75 (base 13) to base 7
165
110210 (base 3) to base 11
294
Convert -2 (base 10) to base 3.
-2
Convert -13 (base 4) to base 14.
-7
Convert -21 (base 11) to base 8.
-27
What is -2413 (base 5) in base 4?
-11212
-3123 (base 4) to base 2
-11011011
-220 (base 8) to base 9
-170
1 (base 16) to base 12
1
-11 (base 2) to base 7
-3
Convert 1 (base 14) to base 5.
1
-9 (base 10) to base 12
-9
What is -48 (base 12) in base 16?
-38
What is 7 (base 10) in base 12?
7
What is -d (base 14) in base 8?
-15
61 (base 12) to base 15
4d
Convert -96 (base 15) to base 6.
-353
Convert -22 (base 11) to base 6.
-40
Convert -19 (base 16) to base 12.
-21
-1010100 (base 2) to base 13
-66
What is -41 (base 9) in base 5?
-122
Convert -20 (base 11) to base 16.
-16
Convert 2 (base 9) to base 8.
2
-14 (base 7) to base 3
-102
-46 (base 10) to base 12
-3a
Convert 10 (base 10) to base 6.
14
What is -1c (base 15) in base 4?
-123
3 (base 10) to base 7
3
Convert 0 (base 10) to base 11.
0
Convert -1 (base 12) to base 3.
-1
What is 12 (base 4) in base 14?
6
Convert 0 (base 5) to base 11.
0
What is -1 (base 6) in base 2?
-1
What is -201 (base 3) in base 5?
-34
Convert -16 (base 14) to base 13.
-17
Convert 87 (base 12) to base 14.
75
Convert -10 (base 5) to base 11.
-5
What is -101100 (base 2) in base 4?
-230
-2 (base 14) to base 13
-2
2 (base 5) to base 12
2
Convert -110 (base 6) to base 13.
-33
What is 1 (base 15) in base 14?
1
What is 4 (base 16) in base 14?
4
Convert -111 (base 2) to base 13.
-7
-2201 (base 3) to base 12
-61
2 (base 15) to base 6
2
Convert 3 (base 5) to base 14.
3
-3a (base 14) to base 3
-1221
What is -25 (base 6) in base 9?
-18
Convert -11221 (base 3) to base 4.
-2011
What is 7 (base 8) in base 7?
10
-10 (base 13) to base 5
-23
What is 3 (base 4) in base 13?
3
What is 27 (base 15) in base 4?
211
14 (base 15) to base 8
23
Convert 101012 (base 3) to base 7.
542
What is 3 (base 5) in base 8?
3
-40 (base 10) to base 8
-50
1 (base 8) to base 4
1
What is -2 (base 9) in base 4?
-2
-1011 (base 6) to base 16
-df
-4 (base 8) to base 12
-4
-30 (base 8) to base 4
-120
100 (base 7) to base 6
121
Convert 2 (base 13) to base 11.
2
1100 (base 2) to base 15
c
What is -10 (base 8) in base 6?
-12
-14 (base 11) to base 10
-15
-2b (base 14) to base 6
-103
Convert -37 (base 13) to base 4.
-232
-238 (base 12) to base 2
-101001100
Convert 100100110 (base 2) to base 3.
101220
-1 (base 7) to base 14
-1
-1103 (base 4) to base 7
-146
-7 (base 15) to base 14
-7
-34 (base 14) to base 16
-2e
Convert -2 (base 5) to base 8.
-2
What is -23 (base 4) in base 10?
-11
4 (base 15) to base 4
10
-54 (base 9) to base 16
-31
-2 (base 10) to base 9
-2
What is b (base 12) in base 5?
21
Convert 1011101 (base 2) to base 5.
333
-21 (base 3) to base 2
-111
What is 101 (base 3) in base 13?
a
Convert 4 (base 12) to base 11.
4
What is -80 (base 11) in base 8?
-130
What is -11 (base 14) in base 9?
-16
15 (base 14) to base 9
21
-10 (base 2) to base 14
-2
Convert 1 (base 15) to base 8.
1
What is 3 (base 15) in base 10?
3
4 (base 11) to base 7
4
Convert 0 (base 7) to base 8.
0
What is 1000010 (base 2) in base 14?
4a
-110 (base 2) to base 15
-6
Convert 3 (base 14) to base 10.
3
What is -64 (base 7) in base 4?
-232
Convert 1b (base 14) to base 16.
19
-4 (base 7) to base 15
-4
Convert 1002 (base 3) to base 6.
45
What is 57 (base 12) in base 2?
1000011
Convert -2 (base 13) to base 12.
-2
Convert -1 (base 15) to base 5.
-1
71 (base 9) to base 6
144
What is -1210 (base 3) in base 5?
-143
Convert -24 (base 14) to base 3.
-1012
526 (base 8) to base 11
291
-103 (base 4) to base 13
-16
4b (base 12) to base 2
111011
Convert -1232 (base 4) to base 11.
-a0
Convert 2 (base 13) to base 7.
2
-1 (base 16) to base 8
-1
Convert -2 (base 6) to base 5.
-2
What is -40 (base 5) in base 11?
-19
Convert 0 (base 2) to base 12.
0
Convert 7 (base 10) to base 8.
7
Convert 7 (base 9) to base 8.
7
Convert -2 (base 14) to base 6.
-2
-2 (base 8) to base 7
-2
13 (base 7) to base 8
12
-24 (base 10) to base 5
-44
Convert -76 (base 14) to base 11.
-95
Convert -2 (base 13) to base 4.
-2
Convert -20 (base 3) to base 14.
-6
d (base 15) to base 14
d
-56 (base 13) to base 3
-2122
-222 (base 3) to base 15
-1b
Convert 21 (base 16) to base 8.
41
What is 210 (base 4) in base 10?
36
Convert 6 (base 9) to base 4.
12
What is b (base 15) in base 6?
15
What is -33 (base 9) in base 15?
-20
23 (base 8) to base 6
31
2 (base 13) to base 4
2
Convert 4 (base 9) to base 6.
4
70 (base 13) to base 11
83
Convert -1 (base 14) to base 2.
-1
13 (base 15) to base 11
17
Convert 29 (base 10) to base 2.
11101
Convert 2 (base 14) to base 8.
2
What is 1 (base 13) in base 2?
1
Convert 30 (base 6) to base 16.
12
What is -3 (base 10) in base 16?
-3
Convert -1 (base 8) to base 13.
-1
Convert -4 (base 9) to base 13.
-4
105 (base 8) to base 6
153
What is 11010 (base 2) in base 6?
42
140 (base 8) to base 7
165
360 (base 7) to base 15
c9
Convert -221 (base 7) to base 8.
-161
121 (base 5) to base 2
100100
What is a (base 16) in base 14?
a
Convert 320 (base 10) to base 8.
500
Convert 2 (base 8) to base 15.
2
Convert -7 (base 13) to base 5.
-12
Convert 1 (base 2) to base 5.
1
Convert 160 (base 8) to base 3.
11011
What is 1043 (base 5) in base 14?
a8
Convert 6 (base 15) to base 3.
20
What is -15 (base 8) in base 12?
-11
What is -35 (base 6) in base 11?
-21
What is -31 (base 15) in base 4?
-232
What is -12 (base 3) in base 2?
-101
97 (base 15) to base 12
ba
2 (base 10) to base 5
2
117 (base 13) to base 6
513
What is -11 (base 7) in base 9?
-8
What is -3 (base 5) in base 13?
-3
-2 (base 12) to base 4
-2
What is -213 (base 7) in base 5?
-413
-2 (base 14) to base 7
-2
210 (base 3) to base 8
25
Convert 4 (base 13) to base 9.
4
What is 33 (base 11) in base 7?
51
What is 1 (base 10) in base 4?
1
-2 (base 3) to base 4
-2
What is 201 (base 3) in base 15?
14
Convert -4 (base 5) to base 6.
-4
What is 44 (base 15) in base 16?
40
What is -3 (base 13) in base 12?
-3
Convert -2 (base 10) to base 13.
-2
What is 41 (base 12) in base 6?
121
What is -5 (base 7) in base 10?
-5
Convert a (base 16) to base 3.
101
1 (base 15) to base 8
1
Convert 5 (base 14) to base 11.
5
-2 (base 3) to base 5
-2
Convert -301 (base 6) to base 16.
-6d
Convert 3 (base 8) to base 10.
3
What is 17 (base 10) in base 8?
21
Convert -9 (base 14) to base 9.
-10
2 (base 16) to base 14
2
Convert -44 (base 6) to base 14.
-20
-12 (base 12) to base 10
-14
6 (base 14) to base 16
6
-7 (base 15) to base 4
-13
-65 (base 14) to base 10
-89
What is -7 (base 11) in base 14?
-7
What is 1142 (base 5) in base 11?
147
-11 (base 5) to base 7
-6
Convert 3 (base 16) to base 4.
3
-3 (base 5) to base 6
-3
-10 (base 8) to base 4
-20
What is -3 (base 11) in base 4?
-3
What is 551 (base 7) in base 4?
10121
Convert 3322 (base 4) to base 10.
250
107 (base 9) to base 12
74
Convert 16 (base 8) to base 11.
13
Convert -1 (base 2) to base 15.
-1
What is -1 (base 8) in base 6?
-1
Convert -21 (base 9) to base 5.
-34
What is -10 (base 11) in base 2?
-1011
Convert 1020 (base 5) to base 8.
207
What is 3 (base 8) in base 4?
3
-1000101 (base 2) to base 8
-105
35 (base 13) to base 15
2e
Convert 25 (base 8) to base 6.
33
What is -100 (base 2) in base 7?
-4
What is -2212 (base 3) in base 2?
-1001101
What is 11210 (base 3) in base 6?
333
Convert 6 (base 14) to base 6.
10
What is 133 (base 5) in base 4?
223
-13 (base 7) to base 4
-22
-73 (base 13) to base 10
-94
What is -6 (base 7) in base 4?
-12
100001 (base 2) to base 9
36
167 (base 8) to base 16
77
-175 (base 9) to base 15
-9e
Convert -48 (base 13) to base 12.
-50
-1 (base 5) to base 10
-1
What is -55 (base 13) in base 7?
-130
-262 (base 9) to base 5
-1333
3b (base 12) to base 4
233
What is -38 (base 16) in base 2?
-111000
What is 22 (base 12) in base 10?
26
105 (base 6) to base 15
2b
20 (base 14) to base 12
24
What is 23 (base 5) in base 7?
16
101 (base 2) to base 7
5
What is 336 (base 8) in base 10?
222
What is -20 (base 14) in base 6?
-44
Convert -18 (base 14) to base 5.
-42
What is -116 (base 10) in base 8?
-164
Convert 4 (base 14) to base 10.
4
0 (base 3) to base 7
0
What is -111 (base 2) in base 15?
-7
What is 10000010 (base 2) in base 7?
244
Convert -311 (base 7) to base 6.
-415
1012 (base 6) to base 13
143
-2 (ba